+ 53. What is r(-4)?
-5
Let s(c) = c**3 - 3*c**2 - 2*c - 4. Let d(g) = -g**2 + 24*g - 19. Let h be d(23). Suppose a + 0*v = -3*v + 35, 123 = h*a - 5*v. Let b = a - 29. Determine s(b).
-10
Let q(t) be the second derivative of t**4/12 + 5*t**3/6 - 25*t**2/2 + 39*t - 47. What is q(6)?
41
Let s(c) = -c**2 - 19*c + 3. Let g(l) = l**3 + 11*l**2 + 79*l + 671. Let o be g(-10). Calculate s(o).
3
Let z(g) be the first derivative of g**4/4 + 2*g**3/3 + g**2/2 + 1. Let a be -1 - 0*11/(-154). What is z(a)?
0
Let d(c) = -23*c - 168. Let u be d(-8). Let j(n) = -6*n + 9 + 3*n + 5 - u. Give j(6).
-20
Suppose -75 = 3*f - 297. Let n = f - 77. Let u(k) = k**3 + 3*k**2 - 4. What is u(n)?
-4
Let p(g) be the third derivative of 14*g**2 - 2*g - 1/24*g**4 + 1/6*g**3 + 0. Determine p(6).
-5
Let r be (-6)/20 - 86/(-20). Let a(u) = -19*u + 30. Let g(y) = -8*y + 15. Let h(p) = -2*a(p) + 5*g(p). Determine h(r).
7
Suppose -9*h = 13*h - 5676. Let b = h + -267. Let y(o) = -o**2 - 7*o. Determine y(b).
-18
Let g(n) = 32*n**3. Let i = 331 - 327. Suppose -i*f + 9*f + 5 = -2*q, 5 = -5*f + 5*q. Determine g(f).
-32
Let l = 145 - 142. Let g(r) = -13*r**3 + 7*r**2 - 14 + r + 12*r**l + 8*r**2. Give g(15).
1
Let h be -1 - ((-12)/6)/(-2)*1. Let u(y) = -15*y**2 + 5*y - 9. Let o(x) = -8*x**2 + 3*x - 5. Let f(q) = 7*o(q) - 4*u(q). Calculate f(h).
15
Let d(r) = 49*r + 434. Let i be (1/(-3))/((-2001)/(-3726) + (-2)/4). Determine d(i).
-7
Let s(u) = 8*u**3 + 3*u**2 + 15*u + 13. Let c be 5 + -2 - (1 - 13 - -6 - -10). Determine s(c).
-7
Let h(k) = 22758*k**3 - 22757*k**3 + 9*k + 9*k - 9 - 15*k**2. Calculate h(14).
47
Let j(l) be the third derivative of -l**6/120 + 7*l**5/30 + l**4/12 - 17*l**3/3 - 9*l**2 - 36*l. Give j(14).
-6
Let y = 230951 - 230950. Let m(k) be the first derivative of 5*k**2/2 + k - 1. Determine m(y).
6
Suppose -81 - 79 = 10*p. Let k = -7 - p. Let b(z) = -19 + k + 11 + 12*z. Determine b(2).
25
Let g(w) = -2*w + 12. Suppose 481*f = 512*f + 279. Give g(f).
30
Let j(g) = -g**2 - 3*g + 3. Let l(a) = -a**2 + 16*a - 53. Let w be l(6). Suppose -w*z + 212 = 233. Give j(z).
3
Let j(m) be the first derivative of -m**4/4 + 3*m**3 - 5*m + 465. Let x be ((-9)/2 - 0)/((-5)/10). Calculate j(x).
-5
Let z(w) = -5*w**2 + 2*w + 5. Let j(r) = -14*r - 50. Let b be j(-3). Let v(f) = 2*f**2 - f - 2. Let q(g) = b*v(g) - 3*z(g). Let y = -32 - -36. Give q(y).
-7
Let z(c) = -2*c - 3. Let q(y) = -y**3 + 16*y**2 + 33*y + 34. Let x be q(18). Let p be 10/x - 15/6. Give z(p).
3
Let z(h) = -8*h**3 + 4*h**2 + h - 1. Let m(r) = -41*r**3 + 25*r**2 + 8*r. Let b(w) = m(w) - 5*z(w). Give b(5).
20
Let d(v) be the second derivative of -v**6/720 + v**5/30 + v**4/6 - v**2 + 3*v. Let x(a) be the third derivative of d(a). Determine x(5).
-1
Let t be ((-6804)/(-99))/(-7) - (31/(-11) - -3). Let i(g) = -5*g - 34. Calculate i(t).
16
Suppose 2*l = -0*l - 136. Let b = l - -70. Suppose 4*j - 6*j - b = 0. Let a(u) = -15*u. Give a(j).
15
Let v(i) = -i**2 + 5*i + 9. Suppose 26*h = 31*h - 30. Suppose 9*b - h*b = 21. Give v(b).
-5
Let u(q) be the first derivative of -q**6/360 + q**5/24 + 5*q**4/12 - 5*q**3 + q - 127. Let l(z) be the third derivative of u(z). What is l(7)?
-4
Let h(m) be the first derivative of -m**3/3 + 5*m**2 + 6*m - 5262. Determine h(-7).
-113
Let x(i) = 3*i**2 - 4*i - 2*i**2 - 9 - 4. Let l be x(-3). Let u(w) be the first derivative of -w**4/4 + 8*w**3/3 + w**2 - 8*w + 17. Calculate u(l).
8
Let n(a) = -14*a + 141. Let w(m) = -43*m + 425. Let l(k) = 17*n(k) - 6*w(k). Calculate l(8).
7
Let x(b) = b**3 + 7*b**2 - 2*b - 9. Let k(t) = 23*t**2 + 5*t + 38. Let g(n) = 29*n**2 + 5*n + 37. Let l(u) = 4*g(u) - 5*k(u). Let f be l(9). Determine x(f).
39
Let h = -147 - -185. Let q(d) = 3*d - h - 31 + 103 - 14. What is q(-9)?
-7
Suppose 531 - 219 = -52*t. Let u(c) be the first derivative of c**3/3 + 3*c**2 + 7*c - 1. Determine u(t).
7
Suppose -3*t - 2*t - 4*w = -7, 3*t + 18 = 5*w. Let i(u) = -13*u - 3. Let k(l) = -6 + 5 + 14*l + 5. Let f(r) = 3*i(r) + 2*k(r). Determine f(t).
10
Let s(w) be the first derivative of 2*w**2 + 9*w + 3. Let n be (-468)/(-2223) - (-488)/(-152). Calculate s(n).
-3
Let t(u) = 4*u**3 - u**2 + 22*u - 12. Let f(d) = -9*d + 5. Let z(x) = -3*f(x) - t(x). Determine z(2).
-21
Let i(r) = -2*r**3 - 41*r**2 - 55*r + 35. Let f be i(-19). Let n(g) = 3*g + 4. Let d(z) = 0 - 2 + z + 0 - 3*z. Let l(a) = f*n(a) - 5*d(a). What is l(4)?
2
Let r(q) = 11*q**3 + q**2. Let i = -54 - -244. Let n = i + -189. What is r(n)?
12
Let x(b) = 2*b**2 - 2*b + 1. Let f(r) = -8*r**2 + 2*r + 72. Let w(q) = f(q) + 3*x(q). Let o(s) be the first derivative of w(s). Determine o(-3).
8
Let r(y) = 6*y - 1. Let n be 2/(-4)*6 + 2/(-1). Let v = 4 + n. Let p be (v/4)/(-6*(-6)/144). Determine r(p).
-7
Let c(v) = -6*v**2 - 28 + 52 - v**3 - 23. Let s = -695 - -689. Determine c(s).
1
Let f(v) = 2 + 19337*v - 9668*v + 4 + 11 - 9666*v. Determine f(-4).
5
Suppose 4707 = 32*j + 4579. Let w(s) = 7*s**3 - 3*s**2 - 8*s - 4. Let y(q) = -13*q**3 + 6*q**2 + 15*q + 9. Let k(f) = 11*w(f) + 6*y(f). Determine k(j).
2
Let w(r) = 3*r + 185. Let q be w(-62). Let n(j) = 23*j + 20. Let o(s) = 8*s + 7. Let t(v) = -6*n(v) + 17*o(v). Give t(q).
1
Let k(p) = 4*p**2 + 48*p - 94. Let q(d) = 2*d**2 + 23*d - 45. Let u(w) = 5*k(w) - 11*q(w). What is u(-8)?
1
Let s(p) = 2*p + 2. Let q(y) = -10*y - 105. Let x be q(-10). Let d = 0 - x. Calculate s(d).
12
Let w(o) = 2*o**3 + 5*o**2 - 15*o - 24. Let c be (6/(-4))/(((-57)/(-8))/19). Determine w(c).
-12
Let k(d) = d**2 - d - 4. Suppose -14104 = -5*p - 38*p. Let y = p - 328. What is k(y)?
-4
Let f(p) = -2*p - 14. Let n(q) = -q - 1. Let a(k) = -4*k + 1. Let d(t) = a(t) - 5*n(t). Let b(x) = 8*d(x) + 3*f(x). Give b(-5).
-4
Suppose 3*k - 9 = -3*w, -15 = -w - 0*k - 4*k. Let p be (w/(-3))/((-1)/3). Let h(z) = -3*z**3 + 2*z + 2. What is h(p)?
3
Let l(q) be the third derivative of q**8/20160 + q**7/560 - q**6/120 + q**5/20 + q**3/3 + 4*q**2 - 6. Let w(f) be the third derivative of l(f). What is w(-10)?
4
Suppose -65 = -4*s - 53. Let l(b) be the first derivative of -2*b**3/3 + b**2/2 + 3*b + 226. Give l(s).
-12
Suppose 2*k - 8 = d, -2 = -2*d + 3*d. Let p(u) be the first derivative of -u**4/4 + 2*u**3/3 + 2*u - 5. Give p(k).
-7
Suppose -12 = -62*h + 61*h. Let z be (h - 4 - 10) + 5*1. Let o(x) be the first derivative of -2*x**3/3 - 6. What is o(z)?
-18
Let p(b) = -b**3 - 4*b**2 + b - 4. Let h(r) = 34*r + 4. Let t be h(2). Let x be (t/(-30))/(1/(-5)). Suppose -x*c = -11*c + 4. Determine p(c).
-8
Let r(l) = -9727*l + 9728*l + 21 - 26 - 31. Give r(11).
-25
Suppose 14*h - 334 + 278 = 0. Let k(v) be the second derivative of 0 + 3*v**2 + 1/12*v**h - v**3 + 2*v. What is k(5)?
1
Let p be 2/(12/11 + -1). Suppose w - p = -17. Let v(b) = w*b**2 - b**3 - 5 - 5*b**3 + 8*b + 5*b**3 - 1. Give v(6).
6
Suppose 2*n - 8*i + 149 = 115, i = -2*n + 2. Let f(p) = p. Let b(g) = -12*g**3 - g**2 - 4*g. Let w(m) = -b(m) - 4*f(m). Determine w(n).
-11
Let z(q) = 12*q**2 + 57*q - 10. Let j(n) = -17*n**2 - 84*n + 14. Let a(w) = 5*j(w) + 7*z(w). Calculate a(-21).
0
Let k(o) be the second derivative of 17*o**3/6 - 44*o**2 - o + 23. Calculate k(6).
14
Let n(q) be the first derivative of q**2/2 + 4*q - 33. Let k(t) = -t + 1. Let p(s) = 3*k(s) - n(s). Give p(6).
-25
Suppose 2*c = 7*c - 15. Suppose -9*k + 49 = -2*k. Let t(n) = 2*n**2 - 2*n + k*n - 3 - c*n**2. What is t(4)?
1
Let a(s) be the second derivative of 0*s**2 + 59*s + 0 + 5/6*s**3 - 1/12*s**4. What is a(5)?
0
Suppose -5*a - 85 = -5*h, 3*h = 2*a + 9 + 32. Let k(x) = -x**2 - 4*x + 55. What is k(a)?
-5
Suppose -5*u - 13 = -3*o - 39, 3*o + 24 = 3*u. Let j(d) = -4*d**2 - 12*d + 2. What is j(o)?
-110
Let a be 10 + (0 - 2)/(-2)*0. Let l(z) = -3*z**2 + 15*z + 10. Let t(v) = 2*v**2 - 5*v - 1. Let n(y) = l(y) + t(y). What is n(a)?
9
Let n(l) = l - 2 + 0*l + 11. Suppose 2*h - 16 = -8*s + 5*s, -3*s + 6 = -3*h. Suppose 0 = 2*r + h - 4, -45 = 5*b - 5*r. Give n(b).
1
Let i(s) = -9*s - 91. Let q(k) = -6*k - 66. Let n(g) = 10*i(g) - 14*q(g). What is n(6)?
-22
Let i be (6/(-4))/(6/(-176)). Suppose -47*h - 3 = -i*h. Let b(j) be the first derivative of -3*j**3 - j**2/2 + 3. Calculate b(h).
-8
Let o(p) = p - 1. Let q(r) be the third derivative of 31*r**4/24 - 15*r**3 + 31*r**2. Let h be q(3). What is o(h)?
2
Suppose 2*z - 14 = -5*q, -3*q = -3